{"id":2,"date":"2025-01-07T12:50:17","date_gmt":"2025-01-07T12:50:17","guid":{"rendered":"http:\/\/itraza.com\/?page_id=2"},"modified":"2025-02-15T19:11:26","modified_gmt":"2025-02-15T18:11:26","slug":"pagina-ejemplo","status":"publish","type":"page","link":"https:\/\/www.itraza.com\/","title":{"rendered":"iTraza, simplificando lo tuyo, para ti y para todos."},"content":{"rendered":"\n<blockquote class=\"wp-block-quote is-layout-flow wp-block-quote-is-layout-flow\">\n<p><mark style=\"background-color:rgba(0, 0, 0, 0)\" class=\"has-inline-color has-accent-3-color\"><strong>Si lo tuyo es simple y no necesitas m\u00e1s de 5 etiquetas, no pierdas m\u00e1s tiempo: <\/strong><\/mark><a href=\"https:\/\/www.itraza.com\/?product=codigo-qr-en-etiqueta\" data-type=\"product\" data-id=\"137\"><mark style=\"background-color:rgba(0, 0, 0, 0)\" class=\"has-inline-color has-accent-3-color\"><strong><mark style=\"background-color:rgba(0, 0, 0, 0)\" class=\"has-inline-color has-accent-3-color\"><strong>durante el primer a\u00f1o<\/strong><\/mark><\/strong><\/mark> <mark style=\"background-color:rgba(0, 0, 0, 0)\" class=\"has-inline-color has-accent-3-color\"><strong>lo tienes todo por menos de un caf\u00e9: 1\u20ac<\/strong><\/mark><\/a><mark style=\"background-color:rgba(0, 0, 0, 0)\" class=\"has-inline-color has-accent-3-color\">.<\/mark><\/p>\n\n\n\n<p><mark style=\"background-color:rgba(0, 0, 0, 0)\" class=\"has-inline-color has-accent-3-color\">Si no es tu caso, <a href=\"https:\/\/www.itraza.com\/#contacto\">contacta<\/a> con nosotros o conoce <a href=\"https:\/\/www.itraza.com\/?page_id=78\" data-type=\"page\" data-id=\"78\">nuestras tarifas<\/a>.<\/mark><\/p>\n<\/blockquote>\n\n\n\n<p>Desde iTraza nos dedicamos a simplificar las necesidades de tus procesos.<\/p>\n\n\n\n<p>Simplifica tus etiquetas con nuestros c\u00f3digos QR para cumplir la normativa y para que permitas a tus clientes que dispongan de toda la informaci\u00f3n que te hubiera encantado incluir en tu etiqueta.<\/p>\n\n\n\n<figure class=\"wp-block-image size-large is-resized\"><img loading=\"lazy\" decoding=\"async\" width=\"1024\" height=\"1024\" src=\"https:\/\/www.itraza.com\/wp-content\/uploads\/2025\/01\/Codigo_qr_generico-1024x1024.png\" alt=\"Codigo QR para Etiquetas de vino\" class=\"wp-image-162\" style=\"width:153px;height:auto\" srcset=\"https:\/\/www.itraza.com\/wp-content\/uploads\/2025\/01\/Codigo_qr_generico-1024x1024.png 1024w, https:\/\/www.itraza.com\/wp-content\/uploads\/2025\/01\/Codigo_qr_generico-300x300.png 300w, https:\/\/www.itraza.com\/wp-content\/uploads\/2025\/01\/Codigo_qr_generico-150x150.png 150w, https:\/\/www.itraza.com\/wp-content\/uploads\/2025\/01\/Codigo_qr_generico-768x768.png 768w, https:\/\/www.itraza.com\/wp-content\/uploads\/2025\/01\/Codigo_qr_generico-1536x1536.png 1536w, https:\/\/www.itraza.com\/wp-content\/uploads\/2025\/01\/Codigo_qr_generico-2048x2048.png 2048w, https:\/\/www.itraza.com\/wp-content\/uploads\/2025\/01\/Codigo_qr_generico-600x600.png 600w, https:\/\/www.itraza.com\/wp-content\/uploads\/2025\/01\/Codigo_qr_generico-100x100.png 100w\" sizes=\"auto, (max-width: 1024px) 100vw, 1024px\" \/><figcaption class=\"wp-element-caption\">Codigo QR para Etiquetas de vino<\/figcaption><\/figure>\n\n\n\n<p><\/p>\n\n\n\n<h1 class=\"wp-block-heading\">Etiquetado del vino: Introducci\u00f3n<\/h1>\n\n\n\n<p>El 8 de diciembre de 2023 entrar\u00e1 en vigor el <a href=\"https:\/\/www.boe.es\/doue\/2021\/435\/L00262-00314.pdf\" target=\"_blank\" rel=\"noreferrer noopener\">Reglamento (UE) 2021\/2117<\/a>, publicado el 2 de diciembre de 2021. Este Reglamento modifica la normativa vigente para los vinos y vinos aromatizados, obligando a <strong>especificar su lista de ingredientes y a\u00f1adir la informaci\u00f3n nutricional<\/strong> tal y como se recoge en el <a href=\"https:\/\/www.boe.es\/doue\/2011\/304\/L00018-00063.pdf\" target=\"_blank\" rel=\"noreferrer noopener\">Reglamento de informaci\u00f3n alimentaria (UE) 1169\/2011<\/a>.<\/p>\n\n\n\n<p>A efectos pr\u00e1cticos, la nueva normativa europea de etiquetado del vino tiene como principal objetivo <strong>garantizar la seguridad alimentaria de los consumidores y asegurar su derecho a la informaci\u00f3n<\/strong> en temas tan relevantes como la lista de ingredientes o la tabla nutricional. De esta forma, se logra tambi\u00e9n una mayor transparencia por parte del sector y generar m\u00e1s confianza con el consumidor final.<\/p>\n\n\n\n<p><strong>Tras la aplicaci\u00f3n del reglamento 2021\/2117, y la vigencia de la normativa de 2023, los vinos<\/strong> (concretamente su etiquetado) <strong>deben incluir una tabla nutricional detallada<\/strong> y un <strong>listado de ingredientes<\/strong> en orden decreciente de cantidad. Es crucial destacar los <strong>al\u00e9rgenos<\/strong> en la etiqueta, usando una tipograf\u00eda distinta, para alertar a los consumidores sobre posibles al\u00e9rgenos. Adem\u00e1s, <strong>cualquier aditivo<\/strong> utilizado debe ser claramente especificado con su funci\u00f3n o categor\u00eda.<\/p>\n\n\n\n<h2 class=\"wp-block-heading\">\u00bfQu\u00e9 se conoce como \u201c<strong>ingrediente<\/strong>\u201d?<\/h2>\n\n\n\n<p>De acuerdo con la norma un ingrediente es:<\/p>\n\n\n\n<blockquote class=\"wp-block-quote is-layout-flow wp-block-quote-is-layout-flow\">\n<p>\u201cCualquier sustancia o producto, incluidos los aromatizantes, los aditivos alimentarios y los enzimas alimentarios, o cualquier constituyente de un ingrediente compuesto, que se utilice en la fabricaci\u00f3n o la preparaci\u00f3n de un producto alimenticio y que siga estando presente en el producto acabado, posiblemente en una forma modificada; los residuos no se consideran ingredientes\u201d [(UE) 1169\/2011].<\/p>\n<\/blockquote>\n\n\n\n<h2 class=\"wp-block-heading\">Requisitos e informaci\u00f3n para el etiquetado de vinos<\/h2>\n\n\n\n<p>A partir del 8 de diciembre de 2023, las etiquetas de todos los vinos producidos en la UE deben ajustarse al nuevo marco legal y <strong>cumplir los requisitos definidos en el Reglamento (UE) 2021\/2117<\/strong>. Los criterios m\u00e1s relevantes son los siguientes:<\/p>\n\n\n\n<ul class=\"wp-block-list\">\n<li>Mostrar toda la informaci\u00f3n relativa a <strong>ingredientes y valores nutricionales<\/strong> del producto. Esto puede realizarse a trav\u00e9s de la <strong>etiqueta f\u00edsica o de forma digital<\/strong>, utilizando, por ejemplo, un c\u00f3digo *QR. En el caso de utilizar este formato digital, el c\u00f3digo estar\u00e1 situado \u201cen el mismo campo visual que otras menciones obligatorias\u201d; adem\u00e1s, el destino al que remita dicho c\u00f3digo debe ser neutral, es decir, no puede incluir informaci\u00f3n comercial o publicitaria.\n<ul class=\"wp-block-list\">\n<li>Implementar un c\u00f3digo QR en tus etiquetas no solo asegura cumplimiento con las regulaciones sino que tambi\u00e9n moderniza la presentaci\u00f3n de tu producto. Este c\u00f3digo puede vincular a una p\u00e1gina web donde el consumidor puede explorar m\u00e1s sobre el vino, su origen, y m\u00e9todos de producci\u00f3n, enriqueciendo as\u00ed la experiencia del cliente y fortaleciendo la transparencia de tu marca.<\/li>\n\n\n\n<li>*Esto es posible ya que, por primera vez en el sector alimentario, el marco legal de la <a href=\"https:\/\/www.consilium.europa.eu\/es\/policies\/cap-introduction\/\">Pol\u00edtica Agr\u00edcola Com\u00fan de la Uni\u00f3n Europea (PAC)<\/a> autoriza a comunicar parte de la informaci\u00f3n obligatoria a trav\u00e9s de etiquetas electr\u00f3nicas, siempre que se facilite un c\u00f3digo QR en el producto, para acceder f\u00e1cilmente a la informaci\u00f3n. Otro matiz a tener en cuenta es que aunque el QR muestre toda la informaci\u00f3n, existen dos datos que se deben de comunicar obligatoriamente a trav\u00e9s de la etiqueta f\u00edsica de la botella:\n<ul class=\"wp-block-list\">\n<li><strong>El valor energ\u00e9tico. <\/strong>Las calor\u00edas se pueden expresar mediante el s\u00edmbolo \u00abE\u00bb de energ\u00eda: 100 ml E= xx kJ\/ xx kcal<\/li>\n\n\n\n<li><strong>Los al\u00e9rgenos.<\/strong> Se debe mostrar el nombre exacto del al\u00e9rgeno como por ejemplo: \u201cContiene sulfitos\u201d.<\/li>\n<\/ul>\n<\/li>\n<\/ul>\n<\/li>\n\n\n\n<li>La etiqueta debe colocarse en un <strong>lugar destacado, de manera que sea f\u00e1cilmente visible, claramente legible y, en su caso, indeleble<\/strong>. En modo alguno estar\u00e1 disimulada, tapada o separada por ninguna otra indicaci\u00f3n o imagen, ni por ning\u00fan otro material interpuesto. Adem\u00e1s, el tama\u00f1o m\u00ednimo de la letra debe ser de 1,2 mm.<\/li>\n\n\n\n<li>Tanto en el formato f\u00edsico como en el digital, <strong>la informaci\u00f3n debe ofrecerse en todos los idiomas de aquellos pa\u00edses de la UE en los que se comercializa<\/strong> el producto.<\/li>\n<\/ul>\n\n\n\n<p>Incumplir alguno de los requisitos dispuestos por el reglamento puede suponer, entre otras <strong>sanciones<\/strong>, la retirada del producto del mercado.<\/p>\n\n\n\n<h2 class=\"wp-block-heading\">Novedades en la nueva normativa de etiquetado<\/h2>\n\n\n\n<p>Esta nueva legislaci\u00f3n supone, en concreto, la modificaci\u00f3n de los siguientes reglamentos:<\/p>\n\n\n\n<ul class=\"wp-block-list\">\n<li>El <strong>Reglamento (UE) n\u00ba. 1151\/2012<\/strong>, que atiende a los \u201creg\u00edmenes de calidad de los productos agr\u00edcolas y alimenticios\u201d.<\/li>\n\n\n\n<li>El <strong>Reglamento (UE) n\u00ba. 228\/2013<\/strong>, a trav\u00e9s del que \u201cse establecen medidas espec\u00edficas en el sector agr\u00edcola en favor de las regiones ultraperif\u00e9ricas de la Uni\u00f3n\u201d.<\/li>\n\n\n\n<li>El <strong>Reglamento (UE) n\u00ba. 1308\/2013<\/strong>, referente a la \u201corganizaci\u00f3n com\u00fan de mercados de los productos agrarios\u201d.<\/li>\n\n\n\n<li>El <strong>Reglamento (UE) n\u00ba. 251\/2014<\/strong>, sobre la \u201cdefinici\u00f3n, descripci\u00f3n, presentaci\u00f3n, etiquetado y protecci\u00f3n de las indicaciones geogr\u00e1ficas de los productos vitivin\u00edcolas aromatizados\u201d.<\/li>\n<\/ul>\n\n\n\n<p>A grandes rasgos, la principal novedad que implica la entrada en vigor de la nueva normativa es una <strong>mayor exigencia de transparencia en la composici\u00f3n de los vinos comercializados<\/strong>. Esto permite que los consumidores tengan m\u00e1s conocimientos sobre los productos, pero tambi\u00e9n ha generado algunas cr\u00edticas, como, por ejemplo, el posible incremento de costes del etiquetado o el hecho de que algunas personas pueden sentir recelo de la presencia de ciertas sustancias o aditivos. En este sentido, es recomendable una tarea de divulgaci\u00f3n enol\u00f3gica que antes, quiz\u00e1s, no era necesaria.<\/p>\n\n\n\n<h2 class=\"wp-block-heading\">\u00bfCu\u00e1ndo entra en vigor la nueva normativa de etiquetado?<\/h2>\n\n\n\n<p>El Reglamento (UE) 2021\/2117 <strong>entra en vigor el 8 de diciembre de 2023<\/strong>, por lo que todos los vinos producidos y comercializados a partir de dicha fecha deben aplicar este marco legal.<\/p>\n\n\n\n<h1 class=\"wp-block-heading\">Etiquetado medioambiental &#8211; Italia<\/h1>\n\n\n\n<p>El <strong>etiquetado medioambiental<\/strong> en Italia entrar\u00e1 en vigor el <strong>1 de enero de 2023<\/strong>, seg\u00fan el art\u00edculo 219.5 del Decreto Legislativo 152\/2006.<\/p>\n\n\n\n<p>Es una medida importante para promover pr\u00e1cticas m\u00e1s sostenibles en la correcta gesti\u00f3n de envases.<\/p>\n\n\n\n<p>Seg\u00fan esta normativa, los envases deben incluir informaci\u00f3n relevante para los consumidores, como la <strong>codificaci\u00f3n alfanum\u00e9rica del material del envase<\/strong> de acuerdo con la <strong>Decisi\u00f3n 97\/129\/CE<\/strong>. Adem\u00e1s, si el envase est\u00e1 destinado al consumidor final, se debe indicar de manera exhaustiva el <strong>tipo de material utilizado<\/strong> y la <strong>fracci\u00f3n o contenedor donde depositarse<\/strong>. Esto ayudar\u00e1 a los consumidores a realizar un reciclaje adecuado y a comprender mejor el ciclo de vida de los envases.<\/p>\n\n\n\n<h2 class=\"wp-block-heading\" id=\"contacto\">Contacta con nosotros.<\/h2>\n\n\n\n<div class=\"forminator-guttenberg\"><form id=\"forminator-module-217\" class=\"forminator-custom-form forminator-custom-form-217\" method=\"post\" data-forminator-render=\"0\" data-uid=\"69fb260e42091\"><div role=\"alert\" aria-live=\"polite\" class=\"forminator-response-message forminator-error\" aria-hidden=\"true\"><\/div><\/form><\/div>\n\n\n\n<p><\/p>\n","protected":false},"excerpt":{"rendered":"<p>Si lo tuyo es simple y no necesitas m\u00e1s de 5 etiquetas, no pierdas m\u00e1s tiempo: durante el primer a\u00f1o lo tienes todo por menos de un caf\u00e9: 1\u20ac. Si no es tu caso, contacta con nosotros o conoce nuestras tarifas. Desde iTraza nos dedicamos a simplificar las necesidades de tus procesos. Simplifica tus etiquetas [&hellip;]<\/p>\n","protected":false},"author":2,"featured_media":163,"parent":0,"menu_order":0,"comment_status":"closed","ping_status":"closed","template":"","meta":{"footnotes":""},"class_list":["post-2","page","type-page","status-publish","has-post-thumbnail","hentry"],"_links":{"self":[{"href":"https:\/\/www.itraza.com\/index.php?rest_route=\/wp\/v2\/pages\/2","targetHints":{"allow":["GET"]}}],"collection":[{"href":"https:\/\/www.itraza.com\/index.php?rest_route=\/wp\/v2\/pages"}],"about":[{"href":"https:\/\/www.itraza.com\/index.php?rest_route=\/wp\/v2\/types\/page"}],"author":[{"embeddable":true,"href":"https:\/\/www.itraza.com\/index.php?rest_route=\/wp\/v2\/users\/2"}],"replies":[{"embeddable":true,"href":"https:\/\/www.itraza.com\/index.php?rest_route=%2Fwp%2Fv2%2Fcomments&post=2"}],"version-history":[{"count":14,"href":"https:\/\/www.itraza.com\/index.php?rest_route=\/wp\/v2\/pages\/2\/revisions"}],"predecessor-version":[{"id":258,"href":"https:\/\/www.itraza.com\/index.php?rest_route=\/wp\/v2\/pages\/2\/revisions\/258"}],"wp:featuredmedia":[{"embeddable":true,"href":"https:\/\/www.itraza.com\/index.php?rest_route=\/wp\/v2\/media\/163"}],"wp:attachment":[{"href":"https:\/\/www.itraza.com\/index.php?rest_route=%2Fwp%2Fv2%2Fmedia&parent=2"}],"curies":[{"name":"wp","href":"https:\/\/api.w.org\/{rel}","templated":true}]}}