{"id":137,"date":"2025-01-14T12:40:39","date_gmt":"2025-01-14T11:40:39","guid":{"rendered":"https:\/\/www.itraza.com\/?post_type=product&#038;p=137"},"modified":"2025-11-02T06:33:01","modified_gmt":"2025-11-02T05:33:01","slug":"codigo-qr-en-etiqueta","status":"publish","type":"product","link":"https:\/\/www.itraza.com\/?product=codigo-qr-en-etiqueta","title":{"rendered":"C\u00f3digo QR B\u00e1sico en etiqueta"},"content":{"rendered":"<p>C\u00f3digo QR en etiqueta para suministrar informaci\u00f3n completa del producto a trav\u00e9s de enlace neutro:<\/p>\n<p>INFORMACI\u00d3N DEL PRODUCTO<\/p>\n<p>INGREDIENTES<\/p>\n<p>UNIDAD DE CONSUMO<\/p>\n<p>INFORMACI\u00d3N NUTRICIONAL<\/p>\n<p>CONSUMO RESPONSABLE<\/p>\n<p>SOSTENIBILIDAD &#8211; RECICLAJE<\/p>\n<p>DATOS DEL OPERADOR<\/p>\n<p>&#8230;<\/p>\n<p>Lee el <a href=\"https:\/\/id.itraza.com\/codigo-generico\/\" target=\"_blank\" rel=\"noopener\">c\u00f3digo QR<\/a> para comprobar la informaci\u00f3n disponible en su p\u00e1gina de destino.<\/p>\n<p><strong>Est\u00e1s pagando por 3 conceptos:<\/strong><\/p>\n<ul>\n<li><strong>La preparaci\u00f3n y entrega del c\u00f3digo QR b\u00e1sico.<\/strong><\/li>\n<li><strong>El servicio de inclusi\u00f3n de la informaci\u00f3n a suministrar por su parte en nuestros servidores.<\/strong><\/li>\n<li><strong>El mantenimiento anual de tal inscripci\u00f3n en nuestros servidores.<\/strong><\/li>\n<\/ul>\n<p><strong>Por tanto, trascurrido un a\u00f1o, debes realizar la renovaci\u00f3n de estos conceptos.<\/strong><\/p>\n<p>&nbsp;<\/p>\n","protected":false},"excerpt":{"rendered":"<p>C\u00f3digo QR en etiqueta para suministrar informaci\u00f3n completa del producto a trav\u00e9s de enlace neutro.<\/p>\n<p>Lee el <a href=\"https:\/\/id.itraza.com\/codigo-generico\/\" target=\"_blank\" rel=\"noopener\">c\u00f3digo QR<\/a> para comprobar la informaci\u00f3n disponible en su p\u00e1gina de destino.<\/p>\n","protected":false},"featured_media":162,"comment_status":"open","ping_status":"closed","template":"","meta":[],"product_brand":[],"product_cat":[38,39],"product_tag":[41,42,40],"class_list":{"0":"post-137","1":"product","2":"type-product","3":"status-publish","4":"has-post-thumbnail","6":"product_cat-codigos-digitales","7":"product_cat-qr","8":"product_tag-codigo","9":"product_tag-etiqueta","10":"product_tag-qr","12":"first","13":"instock","14":"taxable","15":"shipping-taxable","16":"purchasable","17":"product-type-variable","18":"has-default-attributes"},"_links":{"self":[{"href":"https:\/\/www.itraza.com\/index.php?rest_route=\/wp\/v2\/product\/137","targetHints":{"allow":["GET"]}}],"collection":[{"href":"https:\/\/www.itraza.com\/index.php?rest_route=\/wp\/v2\/product"}],"about":[{"href":"https:\/\/www.itraza.com\/index.php?rest_route=\/wp\/v2\/types\/product"}],"replies":[{"embeddable":true,"href":"https:\/\/www.itraza.com\/index.php?rest_route=%2Fwp%2Fv2%2Fcomments&post=137"}],"wp:featuredmedia":[{"embeddable":true,"href":"https:\/\/www.itraza.com\/index.php?rest_route=\/wp\/v2\/media\/162"}],"wp:attachment":[{"href":"https:\/\/www.itraza.com\/index.php?rest_route=%2Fwp%2Fv2%2Fmedia&parent=137"}],"wp:term":[{"taxonomy":"product_brand","embeddable":true,"href":"https:\/\/www.itraza.com\/index.php?rest_route=%2Fwp%2Fv2%2Fproduct_brand&post=137"},{"taxonomy":"product_cat","embeddable":true,"href":"https:\/\/www.itraza.com\/index.php?rest_route=%2Fwp%2Fv2%2Fproduct_cat&post=137"},{"taxonomy":"product_tag","embeddable":true,"href":"https:\/\/www.itraza.com\/index.php?rest_route=%2Fwp%2Fv2%2Fproduct_tag&post=137"}],"curies":[{"name":"wp","href":"https:\/\/api.w.org\/{rel}","templated":true}]}}